what is 0 + -4c7?
-4c7
In base 4, what is -11 - -1011032?
1011021
In base 13, what is -3 - -165?
162
In base 7, what is 122 - 12?
110
In base 13, what is -1b + 259?
23b
In base 13, what is 5 - -14?
19
In base 15, what is -5 + -31eb?
-3201
In base 11, what is -7 + 77?
70
In base 11, what is -346 + 0?
-346
In base 16, what is -1f + 83?
64
In base 8, what is -3056 + 12?
-3044
In base 7, what is 6 + -135?
-126
In base 2, what is -101011100010 - 101?
-101011100111
In base 6, what is -2 - 120?
-122
In base 6, what is 2 + 121?
123
In base 2, what is 10 - 1001110101110?
-1001110101100
In base 5, what is -40414 - 0?
-40414
In base 16, what is 4 + 4?
8
In base 11, what is -1 + 1a?
19
In base 5, what is -34132 - 2?
-34134
In base 11, what is 3 + -58?
-55
In base 4, what is -10 + -121032?
-121102
In base 10, what is 1897 - -5?
1902
In base 4, what is 101 - 13?
22
In base 2, what is 1011001 - 1000101?
10100
In base 5, what is -2 + 3220?
3213
In base 3, what is 1 - -100120?
100121
In base 13, what is 414 - 2?
412
In base 11, what is 283 - 1?
282
In base 7, what is 25 + -4?
21
In base 12, what is 7 - -19?
24
In base 15, what is -2 - 17?
-19
In base 5, what is -1 + 20023?
20022
In base 12, what is 132 - -2?
134
In base 3, what is 110 - 110?
0
In base 6, what is -5 - 21430?
-21435
In base 16, what is -a + c?
2
In base 6, what is -1 + -124?
-125
In base 5, what is 4104 - -3?
4112
In base 8, what is 744 + 5?
751
In base 4, what is 2313 - 11?
2302
In base 13, what is -9 + 19?
10
In base 14, what is 1b - -97?
b4
In base 4, what is -10010 - -213?
-3131
In base 12, what is -b + 118?
109
In base 13, what is -5 - -115?
110
In base 7, what is 211 - -152?
363
In base 5, what is 43113 + -10?
43103
In base 4, what is 3 - 113221?
-113212
In base 16, what is 2 - -56a?
56c
In base 12, what is 0 + -132b?
-132b
In base 6, what is 10 - -12235?
12245
In base 4, what is 1101 - -3?
1110
In base 4, what is 20 + -203?
-123
In base 9, what is -36 - -4?
-32
In base 15, what is -19 - 9?
-23
In base 16, what is 3b6 - 0?
3b6
In base 7, what is 0 - -2645?
2645
In base 2, what is -101100 + 101?
-100111
In base 13, what is -1c - 9?
-28
In base 7, what is 231 - -2?
233
In base 6, what is 0 + 1454?
1454
In base 4, what is 0 + -33?
-33
In base 15, what is 11 - 3?
d
In base 8, what is 276 + -4?
272
In base 11, what is -193 + -2?
-195
In base 14, what is -60 - 3?
-63
In base 4, what is 30131 + 2?
30133
In base 11, what is 44 + 5?
49
In base 13, what is 876 - 1?
875
In base 6, what is -2 + -31353?
-31355
In base 11, what is -24 - -25?
1
In base 4, what is -10020 + -11?
-10031
In base 6, what is 1130 + -5?
1121
In base 6, what is 53 - 25?
24
In base 5, what is -11 - -2000?
1434
In base 13, what is -1051 - -1?
-1050
In base 6, what is 142 - 0?
142
In base 7, what is -2302 + 3?
-2266
In base 12, what is 178 - 3?
175
In base 9, what is 58008 - 2?
58006
In base 5, what is 102 + 43?
200
In base 3, what is 211 + 20?
1001
In base 3, what is 1121020 - 2?
1121011
In base 10, what is -7 + 9?
2
In base 7, what is 143 - 1?
142
In base 3, what is -2 + -2001?
-2010
In base 8, what is 2 + 4405?
4407
In base 2, what is -101111 - -100?
-101011
In base 9, what is 180 + -10?
170
In base 12, what is -11 + 53?
42
In base 3, what is -1212 + 2?
-1210
In base 6, what is -14 + 2?
-12
In base 11, what is -49 + -6?
-54
In base 4, what is -100 - 110?
-210
In base 16, what is -2 + 12?
10
In base 2, what is 10000 + -11111100?
-11101100
In base 15, what is -39 + 1?
-38
In base 11, what is -a - 222?
-231
In base 16, what is 1 + 31?
32
In base 16, what is b + -99?
-8e
In base 10, what is 7 - -16?
23
In base 2, what is 11 - 111000100?
-111000001
In base 11, what is 34 - 5?
2a
In base 11, what is -1760 + -3?
-1763
In base 2, what is -11 - -10011011?
10011000
In base 12, what is -1 + -21a3?
-21a4
In base 5, what is -41 - -22?
-14
In base 5, what is 331 + -10?
321
In base 10, what is -2 - -24?
22
In base 2, what is 1000010101 - -101000?
1000111101
In base 15, what is -a5 - -2?
-a3
In base 8, what is -2 - -103?
101
In base 11, what is 517 + -4?
513
In base 2, what is -11110101 + -10?
-11110111
In base 10, what is -345 - -1?
-344
In base 8, what is 4 - -5500?
5504
In base 6, what is 30 + 23?
53
In base 2, what is -1001010100100 - 0?
-1001010100100
In base 2, what is -11001 - 111?
-100000
In base 3, what is 11 + 2001000?
2001011
In base 10, what is -113 - 2?
-115
In base 12, what is 45 - -47?
90
In base 11, what is -10 - 1349?
-1359
In base 14, what is 5 + -61?
-5a
In base 3, what is -10 - -2000121?
2000111
In base 5, what is 3 + -3112?
-3104
In base 10, what is -12 + 452?
440
In base 5, what is -101423 - -4?
-101414
In base 2, what is -111 - 1110?
-10101
In base 8, what is 66 + -43?
23
In base 16, what is e + 1ae?
1bc
In base 13, what is -3 - -36?
33
In base 14, what is 4 + 30?
34
In base 15, what is -58 - -1?
-57
In base 15, what is -2 + 270?
26d
In base 7, what is 2 - 5054?
-5052
In base 3, what is -10001021 - 21?
-10001112
In base 10, what is 5 - -37?
42
In base 14, what is 42 + c?
50
In base 10, what is 0 + 395?
395
In base 4, what is 103 - 3223?
-3120
In base 14, what is -2d - -1d9?
1aa
In base 15, what is 3a2 + -1?
3a1
In base 13, what is 0 - 9?
-9
In base 12, what is -5 + -62?
-67
In base 9, what is -23 + 181?
157
In base 12, what is -15 + 46?
31
In base 4, what is 2 + 2?
10
In base 7, what is -2 + 133?
131
In base 2, what is 1000011001 + -11?
1000010110
In base 13, what is 3 + -10?
-a
In base 6, what is 0 + -30?
-30
In base 16, what is -6e3 + -4?
-6e7
In base 7, what is 12 + -46?
-34
In base 3, what is 1120 + -2110?
-220
In base 15, what is 2c - 2a?
2
In base 15, what is -5 - a8?
-ad
In base 9, what is -528 + 2?
-526
In base 3, what is -22011 + -20?
-22101
In base 5, what is 22 - 110?
-33
In base 4, what is -3 - 2223?
-2232
In base 13, what is -5 + -187?
-18c
In base 11, what is -346 - -1?
-345
In base 3, what is 0 - -2002?
2002
In base 16, what is 3 - -1f?
22
In base 9, what is -62 + 2?
-60
In base 16, what is 1b6 - -1?
1b7
In base 7, what is -51 - 2130?
-2211
In base 4, what is -22 - 1?
-23
In base 2, what is -10 + -10011000?
-10011010
In base 16, what is 0 - -11c?
11c
In base 10, what is -1650 + -2?
-1652
In base 11, what is -7 - 2?
-9
In base 13, what is 85 + 3?
88
In base 16, what is -1 - -4f?
4e
In base 8, what is 1 + 323?
324
In base 4, what is -2201 - 11?
-2212
In base 2, what is 1001110101 - -10?
1001110111
In base 11, what is 552 + 3?
555
In base 13, what is 2 - 2801?
-27cc
In base 15, what is 13 - -2?
15
In base 10, what is 1639 + 3?
1642
In base 16, what is 71 - -1?
72
In base 12, what is 5 + -3?
2
In base 11, what is -146 - 117?
-262
In base 2, what is 1 - -1111100?
1111101
In base 11, what is 3 - 26?
-23
In base 9, what is -30 + -1?
-31
In base 5, what is -1014204 - 10?
-1014214
In base 3, what is 112 + -201?
-12
In base 11, what is 33 + -4?
2a
In base 2, what is 10 - 10011001101?
-10011001011
In base 7, what is 501 + 3?
504
In base 15, what is 5c - 5?
57
In base 2, what is -11000111 - -101?
-11000010
In base 9, what is -3 + 5?
2
In base 13, what is -5 - -153?
14b
In base 5, what is -231002 + 2?
-231000
In base 6, what is 114 + -3?
111
In base 11, what is 3 + -2262?
-225a
In base 3, what is -122 + 122?
0
In base 7, what is 32 + -1100?
-1035
In base 15, what is -1 - -288?
287
In base 4, what is -21122 - 3?
-21131
In base 5, what is 4 + -1401?
-1342
In base 3, what is 1202 + -20112?
-11210
In base 13, what is -161 + a6?
-88
In base 6, what is 1200 - 115?
1041
In base 7, what is -1 + -445?
-446
In base 8, what is 31330 + 0?
31330
In base 14, what is -5b + -1c?
-79
In base 4, what is 12103 + -2?
12101
In base 13, what is 2 - 35a?
-358
In base 16, what is -be7 + -2?
-be9
In base 16, what is 5 + -16?
-11
In base 10, what is 5 + 47?
52
In base 2, what is -1100 - 10?
-1110
In base 2, what is 101 + 100110111?
100111100
In base 11, what is -3 + 23?
20
In base 7, what is -2 - -13665?
13663
In base 6, what is -4 - -15?
11
In base 12, what is 13a - -3?
141
In base 14, what is 90 - 4?
8a
In base 13, what is -ab97 + 2?
-ab95
In base 10, what is -5 + -105?
-110
In base 4, what is -1 - -222?
221
In base 10, what is 515 + 1?
516
In base 6, what is -45145 - -3?
-45142
In base 8, what is 3212 + -2?
3210
In base 5, what is 10 - 4